{"id":39,"date":"2018-02-07T13:47:26","date_gmt":"2018-02-07T13:47:26","guid":{"rendered":"http:\/\/www.athenadesignstudio.com\/themes\/axen-wp\/?page_id=39"},"modified":"2021-05-13T13:33:03","modified_gmt":"2021-05-13T11:33:03","slug":"portfolio","status":"publish","type":"page","link":"http:\/\/huthundgechter.de\/?page_id=39","title":{"rendered":"Projekte"},"content":{"rendered":"<div class=\"section-title text-center\">\r\n\t\t\t\t\t\t<h1>In Arbeit 29 Min.<\/h1><p>\n<p>Premiere am 1.11.2019 auf den 61. <a href=\"https:\/\/www.nordische-filmtage.de\/de\/\" target=\"_blank\" rel=\"noopener noreferrer\">Nordischen Filmtagen<\/a> in L\u00fcbeck<\/p>\n<p><img loading=\"lazy\" class=\"aligncenter wp-image-211 size-large\" src=\"http:\/\/huthundgechter.de\/wp-content\/uploads\/2019\/10\/Web-IN-ARBEIT-Poster-735x1024.png\" alt=\"\" width=\"735\" height=\"1024\" srcset=\"http:\/\/huthundgechter.de\/wp-content\/uploads\/2019\/10\/Web-IN-ARBEIT-Poster-735x1024.png 735w, http:\/\/huthundgechter.de\/wp-content\/uploads\/2019\/10\/Web-IN-ARBEIT-Poster-215x300.png 215w, http:\/\/huthundgechter.de\/wp-content\/uploads\/2019\/10\/Web-IN-ARBEIT-Poster-768x1071.png 768w, http:\/\/huthundgechter.de\/wp-content\/uploads\/2019\/10\/Web-IN-ARBEIT-Poster.png 1584w\" sizes=\"(max-width: 735px) 100vw, 735px\" \/><\/p>\n<p style=\"text-align: center;\"><span style=\"color: #808080;\"><span style=\"font-family: Arial, sans-serif;\">Auf der Suche nach einer eigenen Sicht auf den \u00fcberhitzten Diskurs des Hartz IV Systems, begleitet der Film \u00fcber mehrere Monate das Geschehen hinter den Kulissen des Jobcenters im l\u00e4ndlichen Mecklenburg-Vorpommern.<br \/>\nDas Ergebnis ist vielschichtig: Zwischen Kundengespr\u00e4chen, Job-Speeddating-B\u00f6rse, Dienstbesprechung und Mitarbeitercoaching zeigt der Film vor allem Menschen, die ganz konkret miteinander verhandeln. Menschen, die sich winden, die um etwas bitten. Menschen, die ihre Arbeit machen, andere in Arbeit zu bringen. Skurriles, Allt\u00e4gliches findet hier genauso Platz wie Tragisches und Banales. Innerhalb k\u00fcrzester Zeit werden ganze Lebensl\u00e4ufe skizziert, die wahrlich nicht einfach sind: Behinderung, Drogensucht, Scheidung, Depression. Erz\u00e4hlt wird davon, was niemanden kalt l\u00e4sst: von der Scham, arm und hilfsbed\u00fcrftig zu sein.<\/span><\/span><\/p>\n<p style=\"text-align: center;\" align=\"JUSTIFY\"><span style=\"color: #808080;\"><span style=\"font-family: Arial, sans-serif;\">Ein millionenschwerer Staatsetat auf der einen Seite, auf der anderen Zeitarbeitsfirmen, die zu Dumping-L\u00f6hnen anstellen. Auf einem schmalen Grat zwischen Lachen und Mitgef\u00fchl erkundet der Film, wie sich Menschen innerhalb einer Institution bewegen und die eigenen Spielr\u00e4ume darin ausloten.<\/span><\/span><\/p>\n<p class=\"p1\"><strong>\u00a0<\/strong><\/p>\n<p><strong>Gef\u00f6rdert durch<\/strong><\/p>\n<p><strong>MV Filmb\u00fcro &#8211; Filmf\u00f6rderung Mecklenburg-Vorpommern<\/strong><\/p>\n<p><strong>Die Beauftragte der Bundesregierung f\u00fcr Kultur und Medien<\/strong><\/p>\n<p><strong>Filmwerkstatt Kiel &#8211; Filmf\u00f6rderung Hamburg Schleswig-Holstein<\/strong><\/p><hr><\/div><div class=\"clearfix\"><\/div>\n<div class=\"section-title text-center\">\r\n\t\t\t\t\t\t<h1>NACH PARCHIM 22. Min. 2018<\/h1><p>\n<p style=\"text-align: center;\"><img loading=\"lazy\" class=\"wp-image-191\" src=\"http:\/\/huthundgechter.de\/wp-content\/uploads\/2018\/07\/A\u0308hre-links_1x2-cm-wei\u00df.gif\" alt=\"\" width=\"44\" height=\"89\" \/>\u00a0 \u00a0 \u00a0\u00a0\u00a0\u00a0<img loading=\"lazy\" class=\"wp-image-192\" src=\"http:\/\/huthundgechter.de\/wp-content\/uploads\/2018\/07\/A\u0308hre-rechts_1x2.gif\" alt=\"\" width=\"44\" height=\"89\" \/><\/p>\n<p style=\"text-align: center;\"><strong>Preistr\u00e4ger des <a href=\"http:\/\/wir-erfolg-braucht-vielfalt.de\/verleihung-des-wir-vielfaltspreises-im-rahmen-des-28-filmkunstfestes-mecklenburg-vorpommern\/\">WIR-VIELFALTS Preises 2018<\/a> des Landes Mecklenburg-Vorpommern<\/strong><\/p>\n<p><strong>Filmpremiere: 1.5.2018, 17:15h <a href=\"http:\/\/www.filmland-mv.de\/praesentation\/filmkunstfest-mv\/\">Filmkunstfest MV<\/a>, Kino Capitol, Schwerin<\/strong><\/p>\n<p><strong>5.5.2018, 13:15h, Filmkunstfest MV, Kino Capitol, Schwerin<\/strong><\/p>\n<p><strong><img loading=\"lazy\" class=\"alignnone size-full wp-image-179\" src=\"http:\/\/huthundgechter.de\/wp-content\/uploads\/2018\/04\/To_Parchim_2_.jpg\" alt=\"\" width=\"1920\" height=\"1080\" srcset=\"http:\/\/huthundgechter.de\/wp-content\/uploads\/2018\/04\/To_Parchim_2_.jpg 1920w, http:\/\/huthundgechter.de\/wp-content\/uploads\/2018\/04\/To_Parchim_2_-300x169.jpg 300w, http:\/\/huthundgechter.de\/wp-content\/uploads\/2018\/04\/To_Parchim_2_-768x432.jpg 768w, http:\/\/huthundgechter.de\/wp-content\/uploads\/2018\/04\/To_Parchim_2_-1024x576.jpg 1024w\" sizes=\"(max-width: 1920px) 100vw, 1920px\" \/>Foto: Julia Gechter<\/strong><\/p>\n<p><strong>Synopsis<\/strong><\/p>\n<p class=\"p1\"><strong>Ein Junge und eine alte Dame, zwei Fl\u00fcchtlinge in einer Kleinstadt in Deutschland: die heute 91-j\u00e4hrige Ulla floh mit 19 aus Ostpreu\u00dfen. Wie hat die Flucht ihr Leben gepr\u00e4gt? Der 7-j\u00e4hrige Moner ist 2015 aus Syrien in Parchim angekommen und wartet auf seine Eltern. Werden sie jemals in Deutschland ankommen? Beide verbindet das gleiche Schicksal: die Notwendigkeit der Flucht und die Suche nach einer neuen Heimat.<\/strong><\/p>\n<p><strong>Team<\/strong><\/p>\n<p><strong>Regie und Produktion: Johanna Huth und Julia Gechter,\u00a0<\/strong><strong>Kamera: Julia Gechter,\u00a0<\/strong><strong>Ton: Johanna Huth,\u00a0<\/strong><strong>Montage: Julia Gechter und Johanna Huth,\u00a0<\/strong><strong>Musik: Uwe Bossenz<\/strong><\/p>\n<p><strong>Gef\u00f6rdert durch<\/strong><\/p>\n<p><strong>MV Filmb\u00fcro &#8211; Filmf\u00f6rderung Mecklenburg-Vorpommern<\/strong><\/p>\n<p><strong>Die Beauftragte der Bundesregierung f\u00fcr Kultur und Medien<\/strong><\/p>\n<p><strong>Rosa-Luxemburg-Stiftung<\/strong><\/p><hr><\/div><div class=\"clearfix\"><\/div><div class=\"section-title text-center\">\r\n\t\t\t\t\t\t<h1>Der F\u00e4hrmann und seine Frau 37 Min. 2015<\/h1><p><img loading=\"lazy\" class=\"wp-image-191\" src=\"http:\/\/huthundgechter.de\/wp-content\/uploads\/2018\/07\/A\u0308hre-links_1x2-cm-wei\u00df.gif\" alt=\"\" width=\"44\" height=\"89\" \/>\u00a0 \u00a0 \u00a0\u00a0\u00a0\u00a0<img loading=\"lazy\" class=\"wp-image-192\" src=\"http:\/\/huthundgechter.de\/wp-content\/uploads\/2018\/07\/A\u0308hre-rechts_1x2.gif\" alt=\"\" width=\"44\" height=\"89\" \/><\/p>\n<p><strong>Preistr\u00e4ger des CineStar Kurzfilmpreises 2015, Nordische Filmtage L\u00fcbeck<\/strong><\/p>\n<p><strong>Preistr\u00e4ger des Publikumspreises 2016, Jetzt oder Nie, Filmtage Friedrichshafen<\/strong><\/p>\n<p><img loading=\"lazy\" class=\"alignnone size-full wp-image-141\" src=\"http:\/\/huthundgechter.de\/wp-content\/uploads\/2018\/04\/Setfoto3_web-1.jpg\" alt=\"\" width=\"1280\" height=\"854\" srcset=\"http:\/\/huthundgechter.de\/wp-content\/uploads\/2018\/04\/Setfoto3_web-1.jpg 1280w, http:\/\/huthundgechter.de\/wp-content\/uploads\/2018\/04\/Setfoto3_web-1-300x200.jpg 300w, http:\/\/huthundgechter.de\/wp-content\/uploads\/2018\/04\/Setfoto3_web-1-768x512.jpg 768w, http:\/\/huthundgechter.de\/wp-content\/uploads\/2018\/04\/Setfoto3_web-1-1024x683.jpg 1024w\" sizes=\"(max-width: 1280px) 100vw, 1280px\" \/><\/p>\n<p><strong>Foto: Miriam Tr\u00f6scher<\/strong><\/p>\n<p><strong>Synopsis<\/strong><\/p>\n<p class=\"p1\"><strong>Im sp\u00e4rlich besiedelten, s\u00fcdwestlichen Mecklenburg-Vorpommern lebt ein F\u00e4hrmann zusammen mit seiner Frau am Ufer der Elde. Seit 70 Jahren bringt er mit seinem kleinen Boot Passanten \u00fcber den Flu\u00df, wie zuvor sein Gro\u00dfvater. Der Film portraitiert das Zusammenleben dieses ungleichen Paares, das dennoch wie Pech und Schwefel zusammenh\u00e4lt.<\/strong><\/p>\n<p><strong>Team<\/strong><\/p>\n<p><strong>Regie: Johanna Huth, Kamera: Miriam Tr\u00f6scher, Julia Gechter, Ton: Julia Gechter, Johanna Huth, Montage: Johanna Huth, Produktion Julia Gechter, Johanna Huth, Musik: Johanna Huth<\/strong><\/p>\n<p><strong>Gef\u00f6rdert durch<\/strong><\/p>\n<p><strong>MV Filmb\u00fcro &#8211; Filmf\u00f6rderung Mecklenburg-Vorpommern<\/strong><\/p>\n<p><strong>Filmwerkstatt Kiel, Filmf\u00f6rderung Hamburg Schleswig-Holstein<\/strong><\/p>\n<p><strong><a href=\"http:\/\/derfaehrmannfilm.de\">http:\/\/derfaehrmannfilm.de<\/a><\/strong><\/p><hr><\/div><div class=\"clearfix\"><\/div><div class=\"works-filters clearfix\"><ul><li data-mixitup-control class=\"filter active\" data-filter=\"all\">All<\/li><\/ul><\/div>\n","protected":false},"excerpt":{"rendered":"In Arbeit 29 Min. Premiere am 1.11.2019 auf den 61. Nordischen Filmtagen in L\u00fcbeck Auf der Suche nach einer eigenen Sicht auf den \u00fcberhitzten Diskurs des Hartz IV Systems, begleitet der Film \u00fcber mehrere Monate das Geschehen hinter den Kulissen des Jobcenters im l\u00e4ndlichen Mecklenburg-Vorpommern. Das Ergebnis ist vielschichtig: Zwischen Kundengespr\u00e4chen, Job-Speeddating-B\u00f6rse, Dienstbesprechung und Mitarbeitercoaching [...]","protected":false},"author":1,"featured_media":0,"parent":0,"menu_order":0,"comment_status":"closed","ping_status":"closed","template":"","meta":[],"_links":{"self":[{"href":"http:\/\/huthundgechter.de\/index.php?rest_route=\/wp\/v2\/pages\/39"}],"collection":[{"href":"http:\/\/huthundgechter.de\/index.php?rest_route=\/wp\/v2\/pages"}],"about":[{"href":"http:\/\/huthundgechter.de\/index.php?rest_route=\/wp\/v2\/types\/page"}],"author":[{"embeddable":true,"href":"http:\/\/huthundgechter.de\/index.php?rest_route=\/wp\/v2\/users\/1"}],"replies":[{"embeddable":true,"href":"http:\/\/huthundgechter.de\/index.php?rest_route=%2Fwp%2Fv2%2Fcomments&post=39"}],"version-history":[{"count":46,"href":"http:\/\/huthundgechter.de\/index.php?rest_route=\/wp\/v2\/pages\/39\/revisions"}],"predecessor-version":[{"id":220,"href":"http:\/\/huthundgechter.de\/index.php?rest_route=\/wp\/v2\/pages\/39\/revisions\/220"}],"wp:attachment":[{"href":"http:\/\/huthundgechter.de\/index.php?rest_route=%2Fwp%2Fv2%2Fmedia&parent=39"}],"curies":[{"name":"wp","href":"https:\/\/api.w.org\/{rel}","templated":true}]}}

<div class="section-title text-center">
						<h1>In Arbeit 29 Min.</h1><p>
<p>Premiere am 1.11.2019 auf den 61. <a href="https://www.nordische-filmtage.de/de/" target="_blank" rel="noopener noreferrer">Nordischen Filmtagen</a> in Lübeck</p>
<p><img loading="lazy" class="aligncenter wp-image-211 size-large" src="http://huthundgechter.de/wp-content/uploads/2019/10/Web-IN-ARBEIT-Poster-735x1024.png" alt="" width="735" height="1024" srcset="http://huthundgechter.de/wp-content/uploads/2019/10/Web-IN-ARBEIT-Poster-735x1024.png 735w, http://huthundgechter.de/wp-content/uploads/2019/10/Web-IN-ARBEIT-Poster-215x300.png 215w, http://huthundgechter.de/wp-content/uploads/2019/10/Web-IN-ARBEIT-Poster-768x1071.png 768w, http://huthundgechter.de/wp-content/uploads/2019/10/Web-IN-ARBEIT-Poster.png 1584w" sizes="(max-width: 735px) 100vw, 735px" /></p>
<p style="text-align: center;"><span style="color: #808080;"><span style="font-family: Arial, sans-serif;">Auf der Suche nach einer eigenen Sicht auf den überhitzten Diskurs des Hartz IV Systems, begleitet der Film über mehrere Monate das Geschehen hinter den Kulissen des Jobcenters im ländlichen Mecklenburg-Vorpommern.<br />
Das Ergebnis ist vielschichtig: Zwischen Kundengesprächen, Job-Speeddating-Börse, Dienstbesprechung und Mitarbeitercoaching zeigt der Film vor allem Menschen, die ganz konkret miteinander verhandeln. Menschen, die sich winden, die um etwas bitten. Menschen, die ihre Arbeit machen, andere in Arbeit zu bringen. Skurriles, Alltägliches findet hier genauso Platz wie Tragisches und Banales. Innerhalb kürzester Zeit werden ganze Lebensläufe skizziert, die wahrlich nicht einfach sind: Behinderung, Drogensucht, Scheidung, Depression. Erzählt wird davon, was niemanden kalt lässt: von der Scham, arm und hilfsbedürftig zu sein.</span></span></p>
<p style="text-align: center;" align="JUSTIFY"><span style="color: #808080;"><span style="font-family: Arial, sans-serif;">Ein millionenschwerer Staatsetat auf der einen Seite, auf der anderen Zeitarbeitsfirmen, die zu Dumping-Löhnen anstellen. Auf einem schmalen Grat zwischen Lachen und Mitgefühl erkundet der Film, wie sich Menschen innerhalb einer Institution bewegen und die eigenen Spielräume darin ausloten.</span></span></p>
<p class="p1"><strong> </strong></p>
<p><strong>Gefördert durch</strong></p>
<p><strong>MV Filmbüro &#8211; Filmförderung Mecklenburg-Vorpommern</strong></p>
<p><strong>Die Beauftragte der Bundesregierung für Kultur und Medien</strong></p>
<p><strong>Filmwerkstatt Kiel &#8211; Filmförderung Hamburg Schleswig-Holstein</strong></p><hr></div><div class="clearfix"></div>
<div class="section-title text-center">
						<h1>NACH PARCHIM 22. Min. 2018</h1><p>
<p style="text-align: center;"><img loading="lazy" class="wp-image-191" src="http://huthundgechter.de/wp-content/uploads/2018/07/Ähre-links_1x2-cm-weiß.gif" alt="" width="44" height="89" />        <img loading="lazy" class="wp-image-192" src="http://huthundgechter.de/wp-content/uploads/2018/07/Ähre-rechts_1x2.gif" alt="" width="44" height="89" /></p>
<p style="text-align: center;"><strong>Preisträger des <a href="http://wir-erfolg-braucht-vielfalt.de/verleihung-des-wir-vielfaltspreises-im-rahmen-des-28-filmkunstfestes-mecklenburg-vorpommern/">WIR-VIELFALTS Preises 2018</a> des Landes Mecklenburg-Vorpommern</strong></p>
<p><strong>Filmpremiere: 1.5.2018, 17:15h <a href="http://www.filmland-mv.de/praesentation/filmkunstfest-mv/">Filmkunstfest MV</a>, Kino Capitol, Schwerin</strong></p>
<p><strong>5.5.2018, 13:15h, Filmkunstfest MV, Kino Capitol, Schwerin</strong></p>
<p><strong><img loading="lazy" class="alignnone size-full wp-image-179" src="http://huthundgechter.de/wp-content/uploads/2018/04/To_Parchim_2_.jpg" alt="" width="1920" height="1080" srcset="http://huthundgechter.de/wp-content/uploads/2018/04/To_Parchim_2_.jpg 1920w, http://huthundgechter.de/wp-content/uploads/2018/04/To_Parchim_2_-300x169.jpg 300w, http://huthundgechter.de/wp-content/uploads/2018/04/To_Parchim_2_-768x432.jpg 768w, http://huthundgechter.de/wp-content/uploads/2018/04/To_Parchim_2_-1024x576.jpg 1024w" sizes="(max-width: 1920px) 100vw, 1920px" />Foto: Julia Gechter</strong></p>
<p><strong>Synopsis</strong></p>
<p class="p1"><strong>Ein Junge und eine alte Dame, zwei Flüchtlinge in einer Kleinstadt in Deutschland: die heute 91-jährige Ulla floh mit 19 aus Ostpreußen. Wie hat die Flucht ihr Leben geprägt? Der 7-jährige Moner ist 2015 aus Syrien in Parchim angekommen und wartet auf seine Eltern. Werden sie jemals in Deutschland ankommen? Beide verbindet das gleiche Schicksal: die Notwendigkeit der Flucht und die Suche nach einer neuen Heimat.</strong></p>
<p><strong>Team</strong></p>
<p><strong>Regie und Produktion: Johanna Huth und Julia Gechter, </strong><strong>Kamera: Julia Gechter, </strong><strong>Ton: Johanna Huth, </strong><strong>Montage: Julia Gechter und Johanna Huth, </strong><strong>Musik: Uwe Bossenz</strong></p>
<p><strong>Gefördert durch</strong></p>
<p><strong>MV Filmbüro &#8211; Filmförderung Mecklenburg-Vorpommern</strong></p>
<p><strong>Die Beauftragte der Bundesregierung für Kultur und Medien</strong></p>
<p><strong>Rosa-Luxemburg-Stiftung</strong></p><hr></div><div class="clearfix"></div><div class="section-title text-center">
						<h1>Der Fährmann und seine Frau 37 Min. 2015</h1><p><img loading="lazy" class="wp-image-191" src="http://huthundgechter.de/wp-content/uploads/2018/07/Ähre-links_1x2-cm-weiß.gif" alt="" width="44" height="89" />        <img loading="lazy" class="wp-image-192" src="http://huthundgechter.de/wp-content/uploads/2018/07/Ähre-rechts_1x2.gif" alt="" width="44" height="89" /></p>
<p><strong>Preisträger des CineStar Kurzfilmpreises 2015, Nordische Filmtage Lübeck</strong></p>
<p><strong>Preisträger des Publikumspreises 2016, Jetzt oder Nie, Filmtage Friedrichshafen</strong></p>
<p><img loading="lazy" class="alignnone size-full wp-image-141" src="http://huthundgechter.de/wp-content/uploads/2018/04/Setfoto3_web-1.jpg" alt="" width="1280" height="854" srcset="http://huthundgechter.de/wp-content/uploads/2018/04/Setfoto3_web-1.jpg 1280w, http://huthundgechter.de/wp-content/uploads/2018/04/Setfoto3_web-1-300x200.jpg 300w, http://huthundgechter.de/wp-content/uploads/2018/04/Setfoto3_web-1-768x512.jpg 768w, http://huthundgechter.de/wp-content/uploads/2018/04/Setfoto3_web-1-1024x683.jpg 1024w" sizes="(max-width: 1280px) 100vw, 1280px" /></p>
<p><strong>Foto: Miriam Tröscher</strong></p>
<p><strong>Synopsis</strong></p>
<p class="p1"><strong>Im spärlich besiedelten, südwestlichen Mecklenburg-Vorpommern lebt ein Fährmann zusammen mit seiner Frau am Ufer der Elde. Seit 70 Jahren bringt er mit seinem kleinen Boot Passanten über den Fluß, wie zuvor sein Großvater. Der Film portraitiert das Zusammenleben dieses ungleichen Paares, das dennoch wie Pech und Schwefel zusammenhält.</strong></p>
<p><strong>Team</strong></p>
<p><strong>Regie: Johanna Huth, Kamera: Miriam Tröscher, Julia Gechter, Ton: Julia Gechter, Johanna Huth, Montage: Johanna Huth, Produktion Julia Gechter, Johanna Huth, Musik: Johanna Huth</strong></p>
<p><strong>Gefördert durch</strong></p>
<p><strong>MV Filmbüro &#8211; Filmförderung Mecklenburg-Vorpommern</strong></p>
<p><strong>Filmwerkstatt Kiel, Filmförderung Hamburg Schleswig-Holstein</strong></p>
<p><strong><a href="http://derfaehrmannfilm.de">http://derfaehrmannfilm.de</a></strong></p><hr></div><div class="clearfix"></div><div class="works-filters clearfix"><ul><li data-mixitup-control class="filter active" data-filter="all">All</li></ul></div>

In Arbeit 29 Min. Premiere am 1.11.2019 auf den 61. Nordischen Filmtagen in Lübeck Auf der Suche nach einer eigenen Sicht auf den überhitzten Diskurs des Hartz IV Systems, begleitet der Film über mehrere Monate das Geschehen hinter den Kulissen des Jobcenters im ländlichen Mecklenburg-Vorpommern. Das Ergebnis ist vielschichtig: Zwischen Kundengesprächen, Job-Speeddating-Börse, Dienstbesprechung und Mitarbeitercoaching [...]
